[INFO] cloning repository https://github.com/dellisd/allegretto_rust
[INFO] running `Command { std: "git" "-c" "credential.helper=" "-c" "credential.helper=/workspace/cargo-home/bin/git-credential-null" "clone" "--bare" "https://github.com/dellisd/allegretto_rust" "/workspace/cache/git-repos/https%3A%2F%2Fgithub.com%2Fdellisd%2Fallegretto_rust", kill_on_drop: false }`
[INFO] [stderr] Cloning into bare repository '/workspace/cache/git-repos/https%3A%2F%2Fgithub.com%2Fdellisd%2Fallegretto_rust'...
[INFO] running `Command { std: "git" "rev-parse" "HEAD", kill_on_drop: false }`
[INFO] [stdout] 4e644e848192f90afa1e5f77c654b13b3f6f4a32
[INFO] checking dellisd/allegretto_rust against master#cfbc6d4cf1acbac5c025acf8ed68929caa551df3 for pr-75494-beta
[INFO] running `Command { std: "git" "clone" "/workspace/cache/git-repos/https%3A%2F%2Fgithub.com%2Fdellisd%2Fallegretto_rust" "/workspace/builds/worker-9/source", kill_on_drop: false }`
[INFO] [stderr] Cloning into '/workspace/builds/worker-9/source'...
[INFO] [stderr] done.
[INFO] validating manifest of git repo https://github.com/dellisd/allegretto_rust on toolchain cfbc6d4cf1acbac5c025acf8ed68929caa551df3
[INFO] running `Command { std: "/workspace/cargo-home/bin/cargo" "+cfbc6d4cf1acbac5c025acf8ed68929caa551df3" "read-manifest" "--manifest-path" "Cargo.toml", kill_on_drop: false }`
[INFO] started tweaking git repo https://github.com/dellisd/allegretto_rust
[INFO] finished tweaking git repo https://github.com/dellisd/allegretto_rust
[INFO] tweaked toml for git repo https://github.com/dellisd/allegretto_rust written to /workspace/builds/worker-9/source/Cargo.toml
[INFO] crate git repo https://github.com/dellisd/allegretto_rust already has a lockfile, it will not be regenerated
[INFO] running `Command { std: "/workspace/cargo-home/bin/cargo" "+cfbc6d4cf1acbac5c025acf8ed68929caa551df3" "fetch" "--locked" "--manifest-path" "Cargo.toml", kill_on_drop: false }`
[INFO] [stderr]  Downloading crates ...
[INFO] [stderr]   Downloaded dlib v0.4.0
[INFO] [stderr]   Downloaded token_store v0.1.2
[INFO] [stderr]   Downloaded redox_syscall v0.1.37
[INFO] [stderr]   Downloaded memmap v0.6.2
[INFO] [stderr]   Downloaded xml-rs v0.7.0
[INFO] [stderr]   Downloaded core-foundation-sys v0.4.6
[INFO] [stderr]   Downloaded wayland-kbd v0.13.1
[INFO] [stderr]   Downloaded user32-sys v0.1.3
[INFO] [stderr]   Downloaded gdi32-sys v0.1.2
[INFO] [stderr]   Downloaded gl_generator v0.8.0
[INFO] [stderr]   Downloaded wayland-window v0.13.2
[INFO] [stderr]   Downloaded wayland-sys v0.12.5
[INFO] [stderr]   Downloaded cgl v0.2.1
[INFO] [stderr]   Downloaded shared_library v0.1.8
[INFO] [stderr]   Downloaded dwmapi-sys v0.1.1
[INFO] [stderr]   Downloaded winit v0.10.0
[INFO] [stderr]   Downloaded gleam v0.4.20
[INFO] [stderr]   Downloaded shell32-sys v0.1.2
[INFO] [stderr]   Downloaded wayland-protocols v0.12.5
[INFO] [stderr]   Downloaded gl_generator v0.7.0
[INFO] [stderr]   Downloaded lazy_static v1.0.0
[INFO] [stderr]   Downloaded wayland-client v0.12.5
[INFO] [stderr]   Downloaded x11-dl v2.17.2
[INFO] [stderr]   Downloaded libc v0.2.36
[INFO] [stderr]   Downloaded objc v0.2.2
[INFO] [stderr]   Downloaded khronos_api v2.0.0
[INFO] [stderr]   Downloaded gl v0.9.0
[INFO] [stderr]   Downloaded log v0.4.1
[INFO] [stderr]   Downloaded tempfile v2.2.0
[INFO] [stderr]   Downloaded bitflags v1.0.1
[INFO] [stderr]   Downloaded core-graphics v0.12.4
[INFO] [stderr]   Downloaded wayland-scanner v0.12.5
[INFO] [stderr]   Downloaded cocoa v0.13.0
[INFO] [stderr]   Downloaded pkg-config v0.3.9
[INFO] [stderr]   Downloaded core-foundation v0.4.6
[INFO] [stderr]   Downloaded libloading v0.4.3
[INFO] [stderr]   Downloaded rand v0.3.20
[INFO] [stderr]   Downloaded glutin v0.12.0
[INFO] [stderr]   Downloaded winapi v0.3.4
[INFO] running `Command { std: "docker" "create" "-v" "/var/lib/crater-agent-workspace/builds/worker-9/target:/opt/rustwide/target:rw,Z" "-v" "/var/lib/crater-agent-workspace/builds/worker-9/source:/opt/rustwide/workdir:ro,Z" "-v" "/var/lib/crater-agent-workspace/cargo-home:/opt/rustwide/cargo-home:ro,Z" "-v" "/var/lib/crater-agent-workspace/rustup-home:/opt/rustwide/rustup-home:ro,Z" "-e" "SOURCE_DIR=/opt/rustwide/workdir" "-e" "CARGO_TARGET_DIR=/opt/rustwide/target" "-e" "CARGO_HOME=/opt/rustwide/cargo-home" "-e" "RUSTUP_HOME=/opt/rustwide/rustup-home" "-w" "/opt/rustwide/workdir" "-m" "1610612736" "--user" "0:0" "--network" "none" "rustops/crates-build-env@sha256:a636fd89d022f18117e1dc8fb37a0a009933cdbbe082814857f0e2024962d47c" "/opt/rustwide/cargo-home/bin/cargo" "+cfbc6d4cf1acbac5c025acf8ed68929caa551df3" "metadata" "--no-deps" "--format-version=1", kill_on_drop: false }`
[INFO] [stdout] 9c00b1d42ebf636f589ffe3bf8811d6ab78b5653131509da856d6cfd0058beca
[INFO] [stderr] WARNING: Your kernel does not support swap limit capabilities or the cgroup is not mounted. Memory limited without swap.
[INFO] running `Command { std: "docker" "start" "-a" "9c00b1d42ebf636f589ffe3bf8811d6ab78b5653131509da856d6cfd0058beca", kill_on_drop: false }`
[INFO] running `Command { std: "docker" "inspect" "9c00b1d42ebf636f589ffe3bf8811d6ab78b5653131509da856d6cfd0058beca", kill_on_drop: false }`
[INFO] running `Command { std: "docker" "rm" "-f" "9c00b1d42ebf636f589ffe3bf8811d6ab78b5653131509da856d6cfd0058beca", kill_on_drop: false }`
[INFO] [stdout] 9c00b1d42ebf636f589ffe3bf8811d6ab78b5653131509da856d6cfd0058beca
[INFO] running `Command { std: "docker" "create" "-v" "/var/lib/crater-agent-workspace/builds/worker-9/target:/opt/rustwide/target:rw,Z" "-v" "/var/lib/crater-agent-workspace/builds/worker-9/source:/opt/rustwide/workdir:ro,Z" "-v" "/var/lib/crater-agent-workspace/cargo-home:/opt/rustwide/cargo-home:ro,Z" "-v" "/var/lib/crater-agent-workspace/rustup-home:/opt/rustwide/rustup-home:ro,Z" "-e" "SOURCE_DIR=/opt/rustwide/workdir" "-e" "CARGO_TARGET_DIR=/opt/rustwide/target" "-e" "CARGO_INCREMENTAL=0" "-e" "RUST_BACKTRACE=full" "-e" "RUSTFLAGS=--cap-lints=forbid" "-e" "CARGO_HOME=/opt/rustwide/cargo-home" "-e" "RUSTUP_HOME=/opt/rustwide/rustup-home" "-w" "/opt/rustwide/workdir" "-m" "1610612736" "--user" "0:0" "--network" "none" "rustops/crates-build-env@sha256:a636fd89d022f18117e1dc8fb37a0a009933cdbbe082814857f0e2024962d47c" "/opt/rustwide/cargo-home/bin/cargo" "+cfbc6d4cf1acbac5c025acf8ed68929caa551df3" "check" "--frozen" "--all" "--all-targets" "--message-format=json", kill_on_drop: false }`
[INFO] [stdout] d23edccfe8a25f498d2d9414791684b3b24bf731f5c87884dcfe9f2e3414815f
[INFO] [stderr] WARNING: Your kernel does not support swap limit capabilities or the cgroup is not mounted. Memory limited without swap.
[INFO] running `Command { std: "docker" "start" "-a" "d23edccfe8a25f498d2d9414791684b3b24bf731f5c87884dcfe9f2e3414815f", kill_on_drop: false }`
[INFO] [stderr]    Compiling bitflags v1.0.1
[INFO] [stderr]     Checking libc v0.2.36
[INFO] [stderr]     Checking lazy_static v1.0.0
[INFO] [stderr]    Compiling khronos_api v2.0.0
[INFO] [stderr]    Compiling pkg-config v0.3.9
[INFO] [stderr]     Checking percent-encoding v1.0.1
[INFO] [stderr]    Compiling log v0.4.1
[INFO] [stderr]     Checking libloading v0.4.3
[INFO] [stderr]    Compiling xml-rs v0.7.0
[INFO] [stderr]    Compiling log v0.3.9
[INFO] [stderr]     Checking dlib v0.4.0
[INFO] [stderr]     Checking wayland-sys v0.12.5
[INFO] [stderr]    Compiling x11-dl v2.17.2
[INFO] [stderr]     Checking rand v0.3.20
[INFO] [stderr]     Checking memmap v0.6.2
[INFO] [stderr]     Checking shared_library v0.1.8
[INFO] [stderr]     Checking osmesa-sys v0.1.2
[INFO] [stderr]    Compiling wayland-scanner v0.12.5
[INFO] [stderr]    Compiling gl_generator v0.7.0
[INFO] [stderr]    Compiling gl_generator v0.8.0
[INFO] [stderr]     Checking tempfile v2.2.0
[INFO] [stderr]    Compiling wayland-client v0.12.5
[INFO] [stderr]    Compiling wayland-protocols v0.12.5
[INFO] [stderr]    Compiling glutin v0.12.0
[INFO] [stderr]    Compiling gl v0.9.0
[INFO] [stderr]     Checking wayland-kbd v0.13.1
[INFO] [stderr]     Checking wayland-window v0.13.2
[INFO] [stderr]     Checking winit v0.10.0
[INFO] [stderr]     Checking allegretto v0.1.0 (/opt/rustwide/workdir)
[INFO] [stdout] error[E0412]: cannot find type `EventLoop` in crate `glutin`
[INFO] [stdout]    --> src/engine/mod.rs:7:26
[INFO] [stdout]     |
[INFO] [stdout] 7   |     events_loop: glutin::EventLoop,
[INFO] [stdout]     |                          ^^^^^^^^^ help: a struct with a similar name exists: `EventsLoop`
[INFO] [stdout]     | 
[INFO] [stdout]    ::: /opt/rustwide/cargo-home/registry/src/github.com-1ecc6299db9ec823/winit-0.10.0/src/lib.rs:170:1
[INFO] [stdout]     |
[INFO] [stdout] 170 | pub struct EventsLoop {
[INFO] [stdout]     | --------------------- similarly named struct `EventsLoop` defined here
[INFO] [stdout] 
[INFO] [stdout] 
[INFO] [stdout] error[E0412]: cannot find type `GLWindow` in crate `glutin`
[INFO] [stdout]    --> src/engine/mod.rs:8:24
[INFO] [stdout]     |
[INFO] [stdout] 8   |     gl_window: glutin::GLWindow,
[INFO] [stdout]     |                        ^^^^^^^^ help: a struct with a similar name exists: `GlWindow`
[INFO] [stdout]     | 
[INFO] [stdout]    ::: /opt/rustwide/cargo-home/registry/src/github.com-1ecc6299db9ec823/glutin-0.12.0/src/lib.rs:191:1
[INFO] [stdout]     |
[INFO] [stdout] 191 | pub struct GlWindow {
[INFO] [stdout]     | ------------------- similarly named struct `GlWindow` defined here
[INFO] [stdout] 
[INFO] [stdout] 
[INFO] [stdout] error[E0425]: cannot find value `events_loop` in this scope
[INFO] [stdout]   --> src/engine/mod.rs:21:64
[INFO] [stdout]    |
[INFO] [stdout] 21 |        let gl_window = glutin::GlWindow::new(window, context, &events_loop).unwrap();
[INFO] [stdout]    |                                                                ^^^^^^^^^^^ a field by this name exists in `Self`
[INFO] [stdout] 
[INFO] [stdout] 
[INFO] [stdout] error: aborting due to 3 previous errors
[INFO] [stdout] 
[INFO] [stdout] 
[INFO] [stdout] Some errors have detailed explanations: E0412, E0425.
[INFO] [stdout] 
[INFO] [stdout] For more information about an error, try `rustc --explain E0412`.
[INFO] [stdout] 
[INFO] [stderr] error: could not compile `allegretto`.
[INFO] [stderr] 
[INFO] [stderr] To learn more, run the command again with --verbose.
[INFO] [stderr] warning: build failed, waiting for other jobs to finish...
[INFO] [stdout] error[E0412]: cannot find type `EventLoop` in crate `glutin`
[INFO] [stdout]    --> src/engine/mod.rs:7:26
[INFO] [stdout]     |
[INFO] [stdout] 7   |     events_loop: glutin::EventLoop,
[INFO] [stdout]     |                          ^^^^^^^^^ help: a struct with a similar name exists: `EventsLoop`
[INFO] [stdout]     | 
[INFO] [stdout]    ::: /opt/rustwide/cargo-home/registry/src/github.com-1ecc6299db9ec823/winit-0.10.0/src/lib.rs:170:1
[INFO] [stdout]     |
[INFO] [stdout] 170 | pub struct EventsLoop {
[INFO] [stdout]     | --------------------- similarly named struct `EventsLoop` defined here
[INFO] [stdout] 
[INFO] [stdout] 
[INFO] [stdout] error[E0412]: cannot find type `GLWindow` in crate `glutin`
[INFO] [stdout]    --> src/engine/mod.rs:8:24
[INFO] [stdout]     |
[INFO] [stdout] 8   |     gl_window: glutin::GLWindow,
[INFO] [stdout]     |                        ^^^^^^^^ help: a struct with a similar name exists: `GlWindow`
[INFO] [stdout]     | 
[INFO] [stdout]    ::: /opt/rustwide/cargo-home/registry/src/github.com-1ecc6299db9ec823/glutin-0.12.0/src/lib.rs:191:1
[INFO] [stdout]     |
[INFO] [stdout] 191 | pub struct GlWindow {
[INFO] [stdout]     | ------------------- similarly named struct `GlWindow` defined here
[INFO] [stdout] 
[INFO] [stdout] 
[INFO] [stdout] error[E0425]: cannot find value `events_loop` in this scope
[INFO] [stdout]   --> src/engine/mod.rs:21:64
[INFO] [stdout]    |
[INFO] [stdout] 21 |        let gl_window = glutin::GlWindow::new(window, context, &events_loop).unwrap();
[INFO] [stdout]    |                                                                ^^^^^^^^^^^ a field by this name exists in `Self`
[INFO] [stdout] 
[INFO] [stdout] 
[INFO] [stdout] error: aborting due to 3 previous errors
[INFO] [stdout] 
[INFO] [stdout] 
[INFO] [stdout] Some errors have detailed explanations: E0412, E0425.
[INFO] [stdout] 
[INFO] [stdout] For more information about an error, try `rustc --explain E0412`.
[INFO] [stdout] 
[INFO] [stderr] error: build failed
[INFO] running `Command { std: "docker" "inspect" "d23edccfe8a25f498d2d9414791684b3b24bf731f5c87884dcfe9f2e3414815f", kill_on_drop: false }`
[INFO] running `Command { std: "docker" "rm" "-f" "d23edccfe8a25f498d2d9414791684b3b24bf731f5c87884dcfe9f2e3414815f", kill_on_drop: false }`
[INFO] [stdout] d23edccfe8a25f498d2d9414791684b3b24bf731f5c87884dcfe9f2e3414815f
